{"id":61,"date":"2025-12-21T09:53:07","date_gmt":"2025-12-21T09:53:07","guid":{"rendered":"https:\/\/buildnowwp.wowtheme7.com\/?page_id=61"},"modified":"2026-05-05T08:14:15","modified_gmt":"2026-05-05T08:14:15","slug":"projeler","status":"publish","type":"page","link":"https:\/\/dlemimarlik.com\/index.php\/projeler\/","title":{"rendered":"Projeler"},"content":{"rendered":"\t\t<div data-elementor-type=\"wp-page\" data-elementor-id=\"61\" class=\"elementor elementor-61\">\n\t\t\t\t<div class=\"elementor-element elementor-element-aab93a8 e-flex e-con-boxed e-con e-parent\" data-id=\"aab93a8\" data-element_type=\"container\" data-e-type=\"container\">\n\t\t\t\t\t<div class=\"e-con-inner\">\n\t\t\t\t<div class=\"elementor-element elementor-element-cd6e2f9 elementor-widget elementor-widget-heading\" data-id=\"cd6e2f9\" data-element_type=\"widget\" data-e-type=\"widget\" id=\"tamamlanan\" data-widget_type=\"heading.default\">\n\t\t\t\t\t<h1 class=\"elementor-heading-title elementor-size-default\">Tamamlanan Projeler<\/h1>\t\t\t\t<\/div>\n\t\t\t\t\t<\/div>\n\t\t\t\t<\/div>\n\t\t<div class=\"elementor-element elementor-element-014f9a4 e-flex e-con-boxed e-con e-parent\" data-id=\"014f9a4\" data-element_type=\"container\" data-e-type=\"container\">\n\t\t\t\t\t<div class=\"e-con-inner\">\n\t\t<div class=\"elementor-element elementor-element-debf071 e-con-full e-flex e-con e-child\" data-id=\"debf071\" data-element_type=\"container\" data-e-type=\"container\">\n\t\t<div class=\"elementor-element elementor-element-08ed1c8 e-con-full e-flex e-con e-child\" data-id=\"08ed1c8\" data-element_type=\"container\" data-e-type=\"container\">\n\t\t\t\t<div class=\"elementor-element elementor-element-f80de79 elementor-widget elementor-widget-buildnow-project-box-five\" data-id=\"f80de79\" data-element_type=\"widget\" data-e-type=\"widget\" data-widget_type=\"buildnow-project-box-five.default\">\n\t\t\t\t<div class=\"elementor-widget-container\">\n\t\t\t\t\t\r\n            <div class=\"project-box-items-style-2\">\r\n                <div class=\"project-box-items-style-2 mt-0\">\r\n                    <div class=\"project-image\">\r\n                        <img decoding=\"async\" src=\"https:\/\/dlemimarlik.com\/wp-content\/uploads\/2026\/05\/Ekran-Resmi-2026-05-05-02.17.05.png\" alt=\"img\">\r\n                        <img decoding=\"async\" src=\"https:\/\/dlemimarlik.com\/wp-content\/uploads\/2026\/05\/Ekran-Resmi-2026-05-05-02.17.05.png\" alt=\"img\">\r\n                        <a href=\"https:\/\/dlemimarlik.com\/index.php\/all-project\/suudi-arabistan-private-office\/\" class=\"arrow\">\r\n                            <i class=\"fa-solid fa-arrow-up-right\"><\/i>\r\n                        <\/a>\r\n                        <div class=\"content\">\r\n                            <h3>\r\n                                 <a href=\"https:\/\/dlemimarlik.com\/index.php\/all-project\/suudi-arabistan-private-office\/\">\r\n                                    Private office design                                <\/a>\r\n                            <\/h3>\r\n                        <\/div>\r\n                    <\/div>\r\n                <\/div>\r\n            <\/div>\r\n\r\n        \t\t\t\t<\/div>\n\t\t\t\t<\/div>\n\t\t\t\t<\/div>\n\t\t<div class=\"elementor-element elementor-element-8b48aeb e-con-full e-flex e-con e-child\" data-id=\"8b48aeb\" data-element_type=\"container\" data-e-type=\"container\">\n\t\t\t\t<div class=\"elementor-element elementor-element-e5d5340 elementor-widget elementor-widget-buildnow-project-box-five\" data-id=\"e5d5340\" data-element_type=\"widget\" data-e-type=\"widget\" data-widget_type=\"buildnow-project-box-five.default\">\n\t\t\t\t<div class=\"elementor-widget-container\">\n\t\t\t\t\t\r\n            <div class=\"project-box-items-style-2\">\r\n                <div class=\"project-box-items-style-2 mt-0\">\r\n                    <div class=\"project-image\">\r\n                        <img decoding=\"async\" src=\"https:\/\/dlemimarlik.com\/wp-content\/uploads\/2026\/05\/aerial-top-view-of-industrial-factory-or-plant-ar-2026-03-10-01-58-19-utc-scaled.jpg\" alt=\"img\">\r\n                        <img decoding=\"async\" src=\"https:\/\/dlemimarlik.com\/wp-content\/uploads\/2026\/05\/aerial-top-view-of-industrial-factory-or-plant-ar-2026-03-10-01-58-19-utc-scaled.jpg\" alt=\"img\">\r\n                        <a href=\"https:\/\/dlemimarlik.com\/index.php\/all-project\/fabrika\/\" class=\"arrow\">\r\n                            <i class=\"fa-solid fa-arrow-up-right\"><\/i>\r\n                        <\/a>\r\n                        <div class=\"content\">\r\n                            <h3>\r\n                                 <a href=\"https:\/\/dlemimarlik.com\/index.php\/all-project\/fabrika\/\">\r\n                                    Fabrika                                <\/a>\r\n                            <\/h3>\r\n                        <\/div>\r\n                    <\/div>\r\n                <\/div>\r\n            <\/div>\r\n\r\n        \t\t\t\t<\/div>\n\t\t\t\t<\/div>\n\t\t\t\t<\/div>\n\t\t\t\t<\/div>\n\t\t<div class=\"elementor-element elementor-element-a47555b e-con-full e-flex e-con e-child\" data-id=\"a47555b\" data-element_type=\"container\" data-e-type=\"container\">\n\t\t<div class=\"elementor-element elementor-element-0e5b1f1 e-con-full e-flex e-con e-child\" data-id=\"0e5b1f1\" data-element_type=\"container\" data-e-type=\"container\">\n\t\t\t\t<div class=\"elementor-element elementor-element-97fd70b elementor-widget elementor-widget-buildnow-project-box-five\" data-id=\"97fd70b\" data-element_type=\"widget\" data-e-type=\"widget\" data-widget_type=\"buildnow-project-box-five.default\">\n\t\t\t\t<div class=\"elementor-widget-container\">\n\t\t\t\t\t\r\n            <div class=\"project-box-items-style-2\">\r\n                <div class=\"project-box-items-style-2 mt-0\">\r\n                    <div class=\"project-image\">\r\n                        <img decoding=\"async\" src=\"https:\/\/dlemimarlik.com\/wp-content\/uploads\/2026\/05\/Ekran-Resmi-2026-05-05-02.16.23.png\" alt=\"img\">\r\n                        <img decoding=\"async\" src=\"https:\/\/dlemimarlik.com\/wp-content\/uploads\/2026\/05\/Ekran-Resmi-2026-05-05-02.16.23.png\" alt=\"img\">\r\n                        <a href=\"https:\/\/dlemimarlik.com\/index.php\/all-project\/lobby-room-renovation-project-wandavista-hotel\/\" class=\"arrow\">\r\n                            <i class=\"fa-solid fa-arrow-up-right\"><\/i>\r\n                        <\/a>\r\n                        <div class=\"content\">\r\n                            <h3>\r\n                                 <a href=\"https:\/\/dlemimarlik.com\/index.php\/all-project\/lobby-room-renovation-project-wandavista-hotel\/\">\r\n                                    Lobby & Room Renovation Project WandaVista Hotel                                <\/a>\r\n                            <\/h3>\r\n                        <\/div>\r\n                    <\/div>\r\n                <\/div>\r\n            <\/div>\r\n\r\n        \t\t\t\t<\/div>\n\t\t\t\t<\/div>\n\t\t\t\t<div class=\"elementor-element elementor-element-b84989c elementor-widget elementor-widget-buildnow-project-box-five\" data-id=\"b84989c\" data-element_type=\"widget\" data-e-type=\"widget\" data-widget_type=\"buildnow-project-box-five.default\">\n\t\t\t\t<div class=\"elementor-widget-container\">\n\t\t\t\t\t\r\n            <div class=\"project-box-items-style-2\">\r\n                <div class=\"project-box-items-style-2 mt-0\">\r\n                    <div class=\"project-image\">\r\n                        <img decoding=\"async\" src=\"https:\/\/dlemimarlik.com\/wp-content\/uploads\/2026\/05\/Ekran-Resmi-2026-05-05-02.13.40.png\" alt=\"img\">\r\n                        <img decoding=\"async\" src=\"https:\/\/dlemimarlik.com\/wp-content\/uploads\/2026\/05\/Ekran-Resmi-2026-05-05-02.13.40.png\" alt=\"img\">\r\n                        <a href=\"\" class=\"arrow\">\r\n                            <i class=\"fa-solid fa-arrow-up-right\"><\/i>\r\n                        <\/a>\r\n                        <div class=\"content\">\r\n                            <h3>\r\n                                 <a href=\"\">\r\n                                    Labranda Royal & Club Hotel                                <\/a>\r\n                            <\/h3>\r\n                        <\/div>\r\n                    <\/div>\r\n                <\/div>\r\n            <\/div>\r\n\r\n        \t\t\t\t<\/div>\n\t\t\t\t<\/div>\n\t\t\t\t<div class=\"elementor-element elementor-element-c8b71e6 elementor-widget elementor-widget-buildnow-project-box-five\" data-id=\"c8b71e6\" data-element_type=\"widget\" data-e-type=\"widget\" data-widget_type=\"buildnow-project-box-five.default\">\n\t\t\t\t<div class=\"elementor-widget-container\">\n\t\t\t\t\t\r\n            <div class=\"project-box-items-style-2\">\r\n                <div class=\"project-box-items-style-2 mt-0\">\r\n                    <div class=\"project-image\">\r\n                        <img decoding=\"async\" src=\"https:\/\/dlemimarlik.com\/wp-content\/uploads\/2026\/05\/Ekran-Resmi-2026-05-05-02.10.58.png\" alt=\"img\">\r\n                        <img decoding=\"async\" src=\"https:\/\/dlemimarlik.com\/wp-content\/uploads\/2026\/05\/Ekran-Resmi-2026-05-05-02.10.58.png\" alt=\"img\">\r\n                        <a href=\"https:\/\/dlemimarlik.com\/index.php\/all-project\/tatto-office\/\" class=\"arrow\">\r\n                            <i class=\"fa-solid fa-arrow-up-right\"><\/i>\r\n                        <\/a>\r\n                        <div class=\"content\">\r\n                            <h3>\r\n                                 <a href=\"https:\/\/dlemimarlik.com\/index.php\/all-project\/tatto-office\/\">\r\n                                    Tatto Office                                <\/a>\r\n                            <\/h3>\r\n                        <\/div>\r\n                    <\/div>\r\n                <\/div>\r\n            <\/div>\r\n\r\n        \t\t\t\t<\/div>\n\t\t\t\t<\/div>\n\t\t\t\t<div class=\"elementor-element elementor-element-f551321 elementor-widget elementor-widget-buildnow-project-box-five\" data-id=\"f551321\" data-element_type=\"widget\" data-e-type=\"widget\" data-widget_type=\"buildnow-project-box-five.default\">\n\t\t\t\t<div class=\"elementor-widget-container\">\n\t\t\t\t\t\r\n            <div class=\"project-box-items-style-2\">\r\n                <div class=\"project-box-items-style-2 mt-0\">\r\n                    <div class=\"project-image\">\r\n                        <img decoding=\"async\" src=\"https:\/\/dlemimarlik.com\/wp-content\/uploads\/2026\/05\/WhatsApp-Image-2026-05-04-at-17.19.24-1.jpeg\" alt=\"img\">\r\n                        <img decoding=\"async\" src=\"https:\/\/dlemimarlik.com\/wp-content\/uploads\/2026\/05\/WhatsApp-Image-2026-05-04-at-17.19.24-1.jpeg\" alt=\"img\">\r\n                        <a href=\"https:\/\/dlemimarlik.com\/index.php\/all-project\/beyoglu\/\" class=\"arrow\">\r\n                            <i class=\"fa-solid fa-arrow-up-right\"><\/i>\r\n                        <\/a>\r\n                        <div class=\"content\">\r\n                            <h3>\r\n                                 <a href=\"https:\/\/dlemimarlik.com\/index.php\/all-project\/beyoglu\/\">\r\n                                    Beyo\u011flu                                <\/a>\r\n                            <\/h3>\r\n                        <\/div>\r\n                    <\/div>\r\n                <\/div>\r\n            <\/div>\r\n\r\n        \t\t\t\t<\/div>\n\t\t\t\t<\/div>\n\t\t\t\t<div class=\"elementor-element elementor-element-91e04a0 elementor-widget elementor-widget-buildnow-project-box-five\" data-id=\"91e04a0\" data-element_type=\"widget\" data-e-type=\"widget\" data-widget_type=\"buildnow-project-box-five.default\">\n\t\t\t\t<div class=\"elementor-widget-container\">\n\t\t\t\t\t\r\n            <div class=\"project-box-items-style-2\">\r\n                <div class=\"project-box-items-style-2 mt-0\">\r\n                    <div class=\"project-image\">\r\n                        <img decoding=\"async\" src=\"https:\/\/dlemimarlik.com\/wp-content\/uploads\/2026\/05\/WhatsApp-Image-2026-05-04-at-17.19.06-1.jpeg\" alt=\"img\">\r\n                        <img decoding=\"async\" src=\"https:\/\/dlemimarlik.com\/wp-content\/uploads\/2026\/05\/WhatsApp-Image-2026-05-04-at-17.19.06-1.jpeg\" alt=\"img\">\r\n                        <a href=\"https:\/\/dlemimarlik.com\/index.php\/all-project\/sisli-2\/\" class=\"arrow\">\r\n                            <i class=\"fa-solid fa-arrow-up-right\"><\/i>\r\n                        <\/a>\r\n                        <div class=\"content\">\r\n                            <h3>\r\n                                 <a href=\"https:\/\/dlemimarlik.com\/index.php\/all-project\/sisli-2\/\">\r\n                                    \u015ei\u015fli                                <\/a>\r\n                            <\/h3>\r\n                        <\/div>\r\n                    <\/div>\r\n                <\/div>\r\n            <\/div>\r\n\r\n        \t\t\t\t<\/div>\n\t\t\t\t<\/div>\n\t\t\t\t<\/div>\n\t\t<div class=\"elementor-element elementor-element-74e0c76 e-con-full e-flex e-con e-child\" data-id=\"74e0c76\" data-element_type=\"container\" data-e-type=\"container\">\n\t\t\t\t<div class=\"elementor-element elementor-element-082501f elementor-widget elementor-widget-buildnow-project-box-five\" data-id=\"082501f\" data-element_type=\"widget\" data-e-type=\"widget\" data-widget_type=\"buildnow-project-box-five.default\">\n\t\t\t\t<div class=\"elementor-widget-container\">\n\t\t\t\t\t\r\n            <div class=\"project-box-items-style-2\">\r\n                <div class=\"project-box-items-style-2 mt-0\">\r\n                    <div class=\"project-image\">\r\n                        <img decoding=\"async\" src=\"https:\/\/dlemimarlik.com\/wp-content\/uploads\/2026\/05\/Ekran-Resmi-2026-05-05-02.15.06.png\" alt=\"img\">\r\n                        <img decoding=\"async\" src=\"https:\/\/dlemimarlik.com\/wp-content\/uploads\/2026\/05\/Ekran-Resmi-2026-05-05-02.15.06.png\" alt=\"img\">\r\n                        <a href=\"https:\/\/dlemimarlik.com\/index.php\/all-project\/lobby-renovation-holidayinn-sisli-hotel\/\" class=\"arrow\">\r\n                            <i class=\"fa-solid fa-arrow-up-right\"><\/i>\r\n                        <\/a>\r\n                        <div class=\"content\">\r\n                            <h3>\r\n                                 <a href=\"https:\/\/dlemimarlik.com\/index.php\/all-project\/lobby-renovation-holidayinn-sisli-hotel\/\">\r\n                                    Lobby Renovation HolidayInn \u015ei\u015fli Hotel                                <\/a>\r\n                            <\/h3>\r\n                        <\/div>\r\n                    <\/div>\r\n                <\/div>\r\n            <\/div>\r\n\r\n        \t\t\t\t<\/div>\n\t\t\t\t<\/div>\n\t\t\t\t<div class=\"elementor-element elementor-element-6b6e3e6 elementor-widget elementor-widget-buildnow-project-box-five\" data-id=\"6b6e3e6\" data-element_type=\"widget\" data-e-type=\"widget\" data-widget_type=\"buildnow-project-box-five.default\">\n\t\t\t\t<div class=\"elementor-widget-container\">\n\t\t\t\t\t\r\n            <div class=\"project-box-items-style-2\">\r\n                <div class=\"project-box-items-style-2 mt-0\">\r\n                    <div class=\"project-image\">\r\n                        <img decoding=\"async\" src=\"https:\/\/dlemimarlik.com\/wp-content\/uploads\/2026\/05\/Ekran-Resmi-2026-05-05-02.12.06.png\" alt=\"img\">\r\n                        <img decoding=\"async\" src=\"https:\/\/dlemimarlik.com\/wp-content\/uploads\/2026\/05\/Ekran-Resmi-2026-05-05-02.12.06.png\" alt=\"img\">\r\n                        <a href=\"https:\/\/dlemimarlik.com\/index.php\/all-project\/ramada-plaza-hotel\/\" class=\"arrow\">\r\n                            <i class=\"fa-solid fa-arrow-up-right\"><\/i>\r\n                        <\/a>\r\n                        <div class=\"content\">\r\n                            <h3>\r\n                                 <a href=\"https:\/\/dlemimarlik.com\/index.php\/all-project\/ramada-plaza-hotel\/\">\r\n                                    Ramada Plaza Hotel                                <\/a>\r\n                            <\/h3>\r\n                        <\/div>\r\n                    <\/div>\r\n                <\/div>\r\n            <\/div>\r\n\r\n        \t\t\t\t<\/div>\n\t\t\t\t<\/div>\n\t\t\t\t<div class=\"elementor-element elementor-element-ce35fae elementor-widget elementor-widget-buildnow-project-box-five\" data-id=\"ce35fae\" data-element_type=\"widget\" data-e-type=\"widget\" data-widget_type=\"buildnow-project-box-five.default\">\n\t\t\t\t<div class=\"elementor-widget-container\">\n\t\t\t\t\t\r\n            <div class=\"project-box-items-style-2\">\r\n                <div class=\"project-box-items-style-2 mt-0\">\r\n                    <div class=\"project-image\">\r\n                        <img decoding=\"async\" src=\"https:\/\/dlemimarlik.com\/wp-content\/uploads\/2026\/05\/WhatsApp-Image-2026-05-04-at-17.19.03-1.jpeg\" alt=\"img\">\r\n                        <img decoding=\"async\" src=\"https:\/\/dlemimarlik.com\/wp-content\/uploads\/2026\/05\/WhatsApp-Image-2026-05-04-at-17.19.03-1.jpeg\" alt=\"img\">\r\n                        <a href=\"https:\/\/dlemimarlik.com\/index.php\/all-project\/kagithane\/\" class=\"arrow\">\r\n                            <i class=\"fa-solid fa-arrow-up-right\"><\/i>\r\n                        <\/a>\r\n                        <div class=\"content\">\r\n                            <h3>\r\n                                 <a href=\"https:\/\/dlemimarlik.com\/index.php\/all-project\/kagithane\/\">\r\n                                    Ka\u011f\u0131thane Apartman                                <\/a>\r\n                            <\/h3>\r\n                        <\/div>\r\n                    <\/div>\r\n                <\/div>\r\n            <\/div>\r\n\r\n        \t\t\t\t<\/div>\n\t\t\t\t<\/div>\n\t\t\t\t<div class=\"elementor-element elementor-element-57a6a73 elementor-widget elementor-widget-buildnow-project-box-five\" data-id=\"57a6a73\" data-element_type=\"widget\" data-e-type=\"widget\" data-widget_type=\"buildnow-project-box-five.default\">\n\t\t\t\t<div class=\"elementor-widget-container\">\n\t\t\t\t\t\r\n            <div class=\"project-box-items-style-2\">\r\n                <div class=\"project-box-items-style-2 mt-0\">\r\n                    <div class=\"project-image\">\r\n                        <img decoding=\"async\" src=\"https:\/\/dlemimarlik.com\/wp-content\/uploads\/2026\/05\/WhatsApp-Image-2026-05-04-at-17.29.56-2.jpeg\" alt=\"img\">\r\n                        <img decoding=\"async\" src=\"https:\/\/dlemimarlik.com\/wp-content\/uploads\/2026\/05\/WhatsApp-Image-2026-05-04-at-17.29.56-2.jpeg\" alt=\"img\">\r\n                        <a href=\"https:\/\/dlemimarlik.com\/index.php\/all-project\/besiktas\/\" class=\"arrow\">\r\n                            <i class=\"fa-solid fa-arrow-up-right\"><\/i>\r\n                        <\/a>\r\n                        <div class=\"content\">\r\n                            <h3>\r\n                                 <a href=\"https:\/\/dlemimarlik.com\/index.php\/all-project\/besiktas\/\">\r\n                                    Be\u015fikta\u015f Apartman                                <\/a>\r\n                            <\/h3>\r\n                        <\/div>\r\n                    <\/div>\r\n                <\/div>\r\n            <\/div>\r\n\r\n        \t\t\t\t<\/div>\n\t\t\t\t<\/div>\n\t\t\t\t<div class=\"elementor-element elementor-element-343eb94 elementor-widget elementor-widget-buildnow-project-box-five\" data-id=\"343eb94\" data-element_type=\"widget\" data-e-type=\"widget\" data-widget_type=\"buildnow-project-box-five.default\">\n\t\t\t\t<div class=\"elementor-widget-container\">\n\t\t\t\t\t\r\n            <div class=\"project-box-items-style-2\">\r\n                <div class=\"project-box-items-style-2 mt-0\">\r\n                    <div class=\"project-image\">\r\n                        <img decoding=\"async\" src=\"https:\/\/dlemimarlik.com\/wp-content\/uploads\/2026\/05\/WhatsApp-Image-2026-05-04-at-17.19.07.jpeg\" alt=\"img\">\r\n                        <img decoding=\"async\" src=\"https:\/\/dlemimarlik.com\/wp-content\/uploads\/2026\/05\/WhatsApp-Image-2026-05-04-at-17.19.07.jpeg\" alt=\"img\">\r\n                        <a href=\"https:\/\/dlemimarlik.com\/index.php\/all-project\/gaziosmanpasa\/\" class=\"arrow\">\r\n                            <i class=\"fa-solid fa-arrow-up-right\"><\/i>\r\n                        <\/a>\r\n                        <div class=\"content\">\r\n                            <h3>\r\n                                 <a href=\"https:\/\/dlemimarlik.com\/index.php\/all-project\/gaziosmanpasa\/\">\r\n                                    Gaziosmanpa\u015fa apartman                                <\/a>\r\n                            <\/h3>\r\n                        <\/div>\r\n                    <\/div>\r\n                <\/div>\r\n            <\/div>\r\n\r\n        \t\t\t\t<\/div>\n\t\t\t\t<\/div>\n\t\t\t\t<\/div>\n\t\t\t\t<\/div>\n\t\t<div class=\"elementor-element elementor-element-d002dd4 e-con-full e-flex e-con e-child\" data-id=\"d002dd4\" data-element_type=\"container\" data-e-type=\"container\">\n\t\t<div class=\"elementor-element elementor-element-2a6a835 e-con-full e-flex e-con e-child\" data-id=\"2a6a835\" data-element_type=\"container\" data-e-type=\"container\">\n\t\t\t\t<\/div>\n\t\t<div class=\"elementor-element elementor-element-4880bca e-con-full e-flex e-con e-child\" data-id=\"4880bca\" data-element_type=\"container\" data-e-type=\"container\">\n\t\t\t\t<\/div>\n\t\t\t\t<\/div>\n\t\t\t\t\t<\/div>\n\t\t\t\t<\/div>\n\t\t<div class=\"elementor-element elementor-element-9ac2c6f e-flex e-con-boxed e-con e-parent\" data-id=\"9ac2c6f\" data-element_type=\"container\" data-e-type=\"container\">\n\t\t\t\t\t<div class=\"e-con-inner\">\n\t\t\t\t<div class=\"elementor-element elementor-element-751cb88 elementor-widget elementor-widget-heading\" data-id=\"751cb88\" data-element_type=\"widget\" data-e-type=\"widget\" id=\"devam\" data-widget_type=\"heading.default\">\n\t\t\t\t\t<h1 class=\"elementor-heading-title elementor-size-default\">Devam Eden Projeler<\/h1>\t\t\t\t<\/div>\n\t\t\t\t\t<\/div>\n\t\t\t\t<\/div>\n\t\t<div class=\"elementor-element elementor-element-a7f3272 e-flex e-con-boxed e-con e-parent\" data-id=\"a7f3272\" data-element_type=\"container\" data-e-type=\"container\">\n\t\t\t\t\t<div class=\"e-con-inner\">\n\t\t<div class=\"elementor-element elementor-element-00df70c e-con-full e-flex e-con e-child\" data-id=\"00df70c\" data-element_type=\"container\" data-e-type=\"container\">\n\t\t<div class=\"elementor-element elementor-element-2407373 e-con-full e-flex e-con e-child\" data-id=\"2407373\" data-element_type=\"container\" data-e-type=\"container\">\n\t\t\t\t<\/div>\n\t\t<div class=\"elementor-element elementor-element-be1a8b3 e-con-full e-flex e-con e-child\" data-id=\"be1a8b3\" data-element_type=\"container\" data-e-type=\"container\">\n\t\t\t\t<\/div>\n\t\t\t\t<\/div>\n\t\t\t\t\t<\/div>\n\t\t\t\t<\/div>\n\t\t\t\t<\/div>\n\t\t","protected":false},"excerpt":{"rendered":"<p>Tamamlanan Projeler Private office design Fabrika Lobby &#038; Room Renovation Project WandaVista Hotel Labranda Royal &#038; Club Hotel Tatto Office Beyo\u011flu \u015ei\u015fli Lobby Renovation HolidayInn \u015ei\u015fli Hotel Ramada Plaza Hotel Ka\u011f\u0131thane Apartman Be\u015fikta\u015f Apartman Gaziosmanpa\u015fa apartman Devam Eden Projeler<\/p>\n","protected":false},"author":1,"featured_media":0,"parent":0,"menu_order":0,"comment_status":"closed","ping_status":"closed","template":"elementor_header_footer","meta":{"inline_featured_image":false,"footnotes":""},"class_list":["post-61","page","type-page","status-publish","hentry"],"_links":{"self":[{"href":"https:\/\/dlemimarlik.com\/index.php\/wp-json\/wp\/v2\/pages\/61","targetHints":{"allow":["GET"]}}],"collection":[{"href":"https:\/\/dlemimarlik.com\/index.php\/wp-json\/wp\/v2\/pages"}],"about":[{"href":"https:\/\/dlemimarlik.com\/index.php\/wp-json\/wp\/v2\/types\/page"}],"author":[{"embeddable":true,"href":"https:\/\/dlemimarlik.com\/index.php\/wp-json\/wp\/v2\/users\/1"}],"replies":[{"embeddable":true,"href":"https:\/\/dlemimarlik.com\/index.php\/wp-json\/wp\/v2\/comments?post=61"}],"version-history":[{"count":26,"href":"https:\/\/dlemimarlik.com\/index.php\/wp-json\/wp\/v2\/pages\/61\/revisions"}],"predecessor-version":[{"id":9398,"href":"https:\/\/dlemimarlik.com\/index.php\/wp-json\/wp\/v2\/pages\/61\/revisions\/9398"}],"wp:attachment":[{"href":"https:\/\/dlemimarlik.com\/index.php\/wp-json\/wp\/v2\/media?parent=61"}],"curies":[{"name":"wp","href":"https:\/\/api.w.org\/{rel}","templated":true}]}}